d 333480.
35
What is the greatest common divisor of 32340 and 125664?
924
What is the greatest common divisor of 17384250 and 1111500?
9750
What is the highest common divisor of 9005216 and 55?
11
What is the highest common divisor of 12202380 and 340?
20
What is the highest common factor of 5 and 3017145?
5
What is the greatest common divisor of 1350 and 1352655?
45
Calculate the highest common factor of 198923 and 7102.
67
Calculate the greatest common factor of 46895 and 1049535.
415
What is the greatest common divisor of 34 and 27752126?
34
What is the highest common divisor of 2059 and 2?
1
What is the highest common divisor of 176 and 40264708?
44
What is the highest common divisor of 18733188 and 638?
58
What is the greatest common divisor of 5787 and 6975264?
1929
Calculate the highest common factor of 785350 and 1112.
278
Calculate the highest common divisor of 113802165 and 135.
135
What is the greatest common divisor of 1645560 and 1596?
84
What is the highest common divisor of 915660495 and 9810?
4905
Calculate the highest common divisor of 8 and 124991708.
4
Calculate the highest common divisor of 380408037 and 219.
219
What is the greatest common divisor of 32616 and 1069986?
906
Calculate the highest common divisor of 26 and 93646553.
13
Calculate the highest common factor of 90 and 2853513.
9
Calculate the greatest common factor of 473240 and 320.
40
Calculate the highest common factor of 62645 and 75735.
935
Calculate the highest common divisor of 6847 and 4204726.
167
Calculate the greatest common factor of 170185 and 33431.
101
What is the greatest common factor of 338 and 1668069?
13
Calculate the highest common factor of 2880102204 and 126.
126
Calculate the highest common factor of 127537488 and 26.
26
Calculate the greatest common factor of 1380 and 183944340.
1380
Calculate the highest common factor of 308252 and 5.
1
Calculate the greatest common factor of 49455501 and 1264.
79
Calculate the highest common factor of 1176 and 12509448.
168
Calculate the greatest common factor of 6762 and 53354434.
2254
Calculate the greatest common divisor of 1112618 and 494.
26
What is the greatest common divisor of 688914793 and 14?
7
What is the greatest common divisor of 4134689 and 1?
1
What is the greatest common factor of 18564 and 11648?
364
Calculate the greatest common divisor of 5557065 and 30.
15
Calculate the highest common factor of 537 and 152913.
3
Calculate the greatest common divisor of 15186 and 720.
6
What is the highest common factor of 6943 and 7115003?
131
Calculate the highest common divisor of 131938 and 8344274.
3218
What is the highest common factor of 112 and 70973?
7
Calculate the highest common factor of 22806 and 11088.
126
Calculate the highest common factor of 23855 and 351689494.
4771
What is the highest common factor of 16185 and 634710?
15
Calculate the greatest common factor of 224159 and 73229.
559
What is the greatest common factor of 267399 and 7461?
9
What is the highest common factor of 11158 and 90496?
14
Calculate the greatest common factor of 32607 and 26154.
9
What is the highest common divisor of 7111408 and 272?
16
Calculate the highest common factor of 12256 and 92715874.
766
What is the greatest common divisor of 2199106 and 2878564?
7306
What is the greatest common divisor of 892921374 and 27?
27
Calculate the highest common divisor of 108 and 6710400.
36
Calculate the greatest common divisor of 107084 and 47500.
76
What is the highest common divisor of 1965335 and 16810?
205
Calculate the greatest common divisor of 648 and 7538976.
72
Calculate the highest common divisor of 3972883 and 102.
17
What is the highest common factor of 7422405 and 330977?
3277
Calculate the greatest common factor of 2356 and 8508012.
124
Calculate the highest common divisor of 691332 and 47541.
159
What is the highest common factor of 595982021 and 43?
43
Calculate the greatest common divisor of 17025349 and 30305.
6061
What is the highest common factor of 192994790 and 410?
410
What is the greatest common divisor of 160 and 220940660?
20
Calculate the greatest common divisor of 41436929 and 2812.
703
Calculate the highest common divisor of 3234840 and 1905.
15
What is the greatest common divisor of 143 and 40665196?
143
Calculate the greatest common factor of 14847 and 276801.
147
Calculate the greatest common divisor of 82401890 and 595.
85
What is the highest common divisor of 265817 and 5179333?
1171
What is the greatest common divisor of 80434 and 4752974?
614
What is the highest common factor of 77604 and 28652?
116
What is the greatest common factor of 451943 and 7724933?
2993
Calculate the highest common factor of 328947 and 38.
19
Calculate the greatest common factor of 1520962 and 4544.
142
Calculate the highest common divisor of 573916 and 464324.
2884
Calculate the greatest common factor of 901428 and 429.
33
What is the greatest common divisor of 898164 and 3172?
244
Calculate the highest common divisor of 495780 and 6240.
60
Calculate the greatest common factor of 287191895 and 530.
265
Calculate the greatest common factor of 115212 and 86112.
12
What is the highest common factor of 83200 and 282360?
520
Calculate the greatest common divisor of 4618422 and 252.
18
What is the highest common factor of 1880 and 1888789?
47
Calculate the greatest common factor of 338004 and 3.
3
What is the greatest common divisor of 1501526 and 52?
26
What is the highest common divisor of 372335968 and 2752?
1376
Calculate the highest common divisor of 9805694 and 749.
107
What is the greatest common factor of 49162 and 33497104?
1046
What is the highest common factor of 10 and 320779670?
10
What is the greatest common factor of 51 and 117164?
17
What is the greatest common factor of 1218 and 4129890?
174
What is the highest common factor of 26875189 and 11?
11
Calculate the greatest common factor of 13068440 and 8360.
440
Calculate the greatest common factor of 2892493 and 288943.
1021
What is the highest common factor of 70 and 31481345?
35
What is the greatest common factor of 160269916 and 4?
4
Calculate the greatest common divisor of 146949 and 835822.
61
Calculate the greatest common divisor of 9470020 and 210.
70
What is the highest common factor of 1140 and 6664017060?
1140
Calculate the greatest common factor of 885 and 7641.
3
Calculate the greatest common divisor of 27095082 and 2004.
1002
Calculate the highest common divisor of 2378810 and 19040.
1190
What is the greatest common divisor of 1005130 and 6454?
14
What is the highest common factor of 2660 and 5965589?
7
Calculate the highest common divisor of 13838636 and 1036.
28
What is the highest common factor of 58854691 and 818?
409
Calculate the greatest common factor of 73988 and 640028.
212
Calculate the highest common divisor of 11316373 and 289.
289
Calculate the greatest common divisor of 191 and 33033832.
191
What is the highest common factor of 584804 and 2156?
44
Calculate the highest common divisor of 90797135 and 110.
55
What is the greatest common divisor of 583 and 149897?
11
What is the highest common divisor of 444 and 1116771?
111
Calculate the greatest common factor of 2 and 675425276.
2
What is the highest common factor of 79459769 and 167?
167
Calculate the highest common divisor of 472 and 61884628.
236
What is the greatest common factor of 64272444 and 10404?
3468
Calculate the greatest common divisor of 6175 and 129635480.
1235
What is the greatest common factor of 6733407 and 237?
237
What is the greatest common divisor of 2297229 and 13507?
1039
What is the greatest common factor of 6576 and 303866?
274
Calculate the highest common factor of 321 and 476767069.
107
What is the greatest common divisor of 1149 and 49966563?
1149
Calculate the greatest common divisor of 1690305675 and 75.
75
What is the greatest common factor of 14736326 and 922?
922
Calculate the highest common factor of 70587876 and 12.
12
What is the greatest common factor of 1274691 and 4?
1
Calculate the highest common factor of 4920 and 474552040.
1640
Calculate the greatest common divisor of 325235 and 110.
5
Calculate the highest common factor of 48033 and 10081.
593
Calculate the greatest common divisor of 1010030 and 423430.
70
What is the greatest